hat is the value of (1 - 6) + (-19 - (-32 - -9)) - 4?
-5
1 + (-3 - -4) + -4 + 3 + 7
8
What is (0 - (2 + 6)) + (-24 + -52 - -68)?
-16
Calculate -2 + (1 - 3) - (10 + -8 - 11).
5
Calculate -7 + 9 + -8 + 5 + 7 - -10.
16
Evaluate 10 - (-31 + 36 + -14).
19
Evaluate (-4 - -1) + (-1 + -11 - -15).
0
What is (0 - -2) + (26 - (12 - -12)) - -6?
10
Evaluate 14 + (-22 + 15 - 3).
4
What is the value of -5 + 31 + -23 + 24?
27
5 + -5 + 1 - (16 + (-14 - -7))
-8
Evaluate (140 - 162) + -3 + 15.
-10
Calculate 29 - (-7 - -34) - (1 - 0).
1
What is -54 + 51 - ((1 - 2) + -20)?
18
What is the value of (12 - (13 + -4) - (1 + 2)) + 9?
9
Calculate 7 - (-1 - (8 + -14) - (-1 + 16)).
17
Evaluate 13 + (-2 - 7) + -20.
-16
What is -18 - (7 - (-8 - (7 - 16)) - 5)?
-19
What is the value of -6 - (0 - -1) - (-28 + 8 - -25)?
-12
Evaluate 2 + 8 - ((-2 - -9) + (-21 - -11)).
13
What is -9 + (-5 - -4) + 21?
11
15 + 1 + -2 + 1 - 3
12
Calculate 9 + 0 + -12 + -7 + 19.
9
10 + 1 - (-58 - -59)
10
Evaluate 12 + -30 + -1 + 12 + (17 - 1).
9
Calculate (19 - (1 + 31)) + 3.
-10
What is (-3 - (29 + -44)) + -33 + 0?
-21
-6 + (23 + -19 - (-5 - 0)) - -9
12
What is the value of (1 - 0) + 65 + -65 - 4?
-3
Calculate (12 - (-8 - -11)) + -8.
1
7 + -5 + -1 + 1 + 6
8
16 + (-25 - -25) - 33
-17
What is -1 + 0 - -15 - (20 + 10 + -30)?
14
What is the value of 5 + 5 + (-5 - (-1 - 1 - 5))?
12
What is (-10 + 0 + 5 - -5) + 8?
8
Evaluate 3 + -8 - (-1 + (-5 - -1) - -7).
-7
Calculate 12 + -2 - (2 + -4 - -7) - 6.
-1
What is the value of (-50 - -18) + (1 - -17)?
-14
Calculate 22 + -41 - -22 - (-1 + (-15 - -1)).
18
What is the value of (-1 - (-2 - (5 + 7))) + -2?
11
Evaluate 8 + 0 - ((-1 - 2) + 75 + -67).
3
Evaluate -6 - -16 - (-2 - 12).
24
Evaluate 12 + (2 + -5 - -6) + -4 + 0.
11
-10 - (16 + (4 - 3 - 0) + -8)
-19
(5 - -37 - (1 + -2 - -8)) + -5
30
Calculate (3 - (6 - -8)) + 20 + -8 + -10.
-9
Calculate -6 + (-17 + 4 - -24) - (13 + -1).
-7
293 + -282 - (1 - -7)
3
Evaluate 32 + -13 + 8 - 28.
-1
(-7 - ((-16 - -15) + 8)) + 20
6
What is 14 + (-35 - -35) - 5?
9
Calculate (4 - 7 - 21) + (-13 - (6 - 20)).
-23
Evaluate -40 - (-15 + 19 + -22).
-22
Calculate 12 - (-9 - 6 - -24).
3
1 + 15 + (7 + -11 + -5 - -4)
11
Evaluate -95 + 106 + (-2 - 2) - 8.
-1
Calculate -18 + 1 - (-132 + 120).
-5
Evaluate -2 - -10 - (1 - 15 - -11).
11
What is the value of (35 - 13) + -28 + 4?
-2
Evaluate -8 - (1 - (20 - 26)).
-15
What is the value of -22 - (2 + 3 + -19)?
-8
What is 9 - (-15 + -7 + 0 + 36)?
-5
Calculate -6 + 0 - ((-4 - 7) + 5 + -8).
8
Evaluate 6 - (-8 - (4 + -12) - (11 + 3)).
20
What is 16 + -21 + (14 - -3)?
12
What is the value of (-7 - 1) + 27 + -30 + 1 - -10?
0
What is the value of 0 + (-3 + 0 - -7)?
4
What is 1 + -1 - 2 - (-308 - -294)?
12
Calculate 353 + -373 + (13 - 0).
-7
-9 + (1 - (-3 - -1)) - (-7 + 0)
1
Evaluate -16 + -16 + 60 - (0 + 0 + -6).
34
What is the value of -1 + -17 + -26 + 14 + 12 + 6?
-12
What is the value of 37 + (7 - 15) - 20?
9
What is -16 - (-22 + 40 + -9)?
-25
What is (42 - 22 - 9) + 0 + 2?
13
Calculate (12 + 8 + -9 + -4 - 13) + 12.
6
Calculate 5 - 23 - (-52 + 41).
-7
Evaluate 7 - (-7 + -11 + 12 + 6).
7
Evaluate 7 + -3 - (-30 - -26) - -5.
13
Evaluate -4 + 7 + -16 + 4 + -1 + 1.
-9
-11 + (34 + -20 - -7)
10
Calculate (4 - (5 + (2 - 15) - 0)) + -44.
-32
Evaluate -253 - -293 - (31 - -2).
7
What is the value of (-5 + 14 - (-8 + 4)) + -34?
-21
-2 + 0 + (10 + -16 - -11) - -5
8
Calculate 24 - (9 - -7) - (-3 - -1).
10
Calculate -3 - (-6 - -5) - (0 + 4 + -4).
-2
Evaluate (16 - 4) + (212 - 236).
-12
What is the value of (0 - -1 - -1) + -105 + 99 + 22?
18
Calculate -4 + (3 - 4 - (1 + 0) - 0).
-6
What is 4 + -21 + (-31 - (24 - 70))?
-2
What is -6 - -4 - (6 - (-2 + 4 + -3))?
-9
What is -9 - -1 - (-16 - (16 + -10 + -15))?
-1
Calculate (-9 - (1 - -10) - -4) + -8.
-24
Calculate (10 - 1) + -16 + 3.
-4
Evaluate 23 - (-16 - (27 + -45)).
21
46 + -40 + (0 - 0)
6
Evaluate -3 + -29 - -2 - (-20 - -3).
-13
What is 8 + (-28 - -54) + -30?
4
Evaluate 44 + -56 - (-6 - -1).
-7
Evaluate 29 + 15 + -38 + 4.
10
What is 5 + (28 - 34 - (-6 - 2) - 4)?
3
What is the value of 2 - (12 + (9 - 13)) - -8 - 9?
-7
What is 12 - 7 - ((2 - (4 - 17)) + 2)?
-12
Evaluate -212 + 214 - (3 + 6).
-7
Calculate 18 - (-7 + -5 + 16).
14
Evaluate 3 - (-8 + (9 - 10) + 34 - 2).
-20
What is the value of -39 + 14 + (17 - 1)?
-9
What is -20 - (-49 - (-32 + 4))?
1
What is -3 + 17 + -3 - (-8 + (6 - -4))?
9
What is the value of -5 + 19 - (-14 + 21 - 14)?
21
What is the value of -24 - (0 + (5 - 11) + -4)?
-14
Evaluate 23 - (103 + -18) - -36.
-26
Evaluate -16 + -1 - (-289 - -279).
-7
Evaluate 3 - 2 - (-1 + -3 + 9).
-4
9 - (-2 + (-6 - (3 - 6)))
14
-716 - -743 - (1 - 11)
37
Calculate -24 - (20 + -36 + -11).
3
Evaluate 3 + -13 - 0 - (1 - 21).
10
Evaluate 7 - (17 - 4 - 7) - (11 + 1).
-11
Calculate 212 + -198 - (11 + -1).
4
What is 28 + (-11 - 13) + (-21 - -4)?
-13
What is the value of -24 - (13 + -19 + -7) - (1 + -22)?
10
What is the value of -12 + (3 - (0 + 1)) - (-30 + 25)?
-5
What is -15 - -2 - (20 + -39 - -24)?
-18
What is 2 + 21 - (2 - -19 - 17) - -5?
24
What is the value of 1 + 8 + 0 + (-263 - -243)?
-11
1 - (4 + -3 + (-1 - (-8 - -7)))
0
-2 + 1 + 412 + -394
17
Calculate (2 - -1) + -1 + (6 - 3 - -1).
6
What is the value of -23 - (-28 + 5 + 12)?
-12
-17 - (2 + -9 + (5 - 2))
-13
What is -7 - (-11 - (-8 - 4 - 2))?
-10
188 + -180 + 0 + -3
5
Evaluate 31 + -28 + -27 + 23.
-1
Evaluate 0 - ((-4 - (-2 - -4)) + 3 + -2).
5
What is 28 + (14 - 11) + 3 + -7 + 0?
27
What is the value of -4 + 5 - ((-44 - -17) + 9)?
19
What is the value of 6 + -3 + -2 + (0 - (4 + 1))?
-4
What is the value of -2 + 4 + (-21 - -53 - 25)?
9
Evaluate (14 - 55) + 14 - -18.
-9
Calculate -31 - -12 - -18 - 12.
-13
3 + 6 - 15 - -27 - 8
13
Evaluate 7 - (9 + -1 + -19 - (-5 + -3)).
10
-9 + (6 - 10 - (-1 - 13)) + -27
-26
Evaluate -1 + (-17 - -19) + -10.
-9
What is -16 + 5 + 27 - 3?
13
What is -5 + 11 + 12 - (9 + -2 + 2)?
9
Calculate -10 - (1 - -13 - 11).
-13
What is the value of 0 + 8 + (-3 - (-33 - -27))?
11
Calculate -260 + 254 + (-2 + 0 + 1 - -12).
5
-2 + -3 + 10 + 10 + -10 - 11
-6
Calculate 23 - (-20 + 17) - (-1 - 11).
38
Evaluate -14 + 0 + 2 + -117 + 129.
0
Calculate -2 + (-1 - -7) + -31 + 18 + 10.
1
(-11 - 1) + 166 + -154
0
What is the value of 17 + (4 - -6) + -17 - (16 - 1)?
-5
What is the value of -6 + (-5 - (-5 + -1)) + 3?
-2
What is (-1 - 0 - -25) + -1081 + 1080?
23
What is -3 + (-2 - -10) + 11?
16
13 + (-8 - (-1 - 5))
11
Calculate (-25 - -15 - 3) + 17.
4
(3 - (11 - -2)) + 2 + 6
-2
What is -1 + -49 + 901 + -868?
-17
What is the value of -14 - (-23 - 0 - -41)?
-32
Evaluate 213 + -239 - (-21 + -3).
-2
What is -7 - (-14 + 9 + -5 - 0)?
3
What is 1 + -3 + 1 + -334 + 334?
-1
What is the value of 70 + (-27 - -15) + -24?
34
What is the value of -64 + 53 + 3 + -3 - -29?
18
Evaluate 7 - (-9 + 3 + -6 + 3 + 2).
14
What is 8 + (284 + -317 - (-1 + (1 - 1)))?
-24
Evaluate (1 + -14 - 6) + 39.
20
Evaluate (1 - -13) + (-2 - (25 - 19)).
6
What is (3 - (-7 - -2)) + (-16 - 1)?
-9
-7 - (-24 - -2 - (38 + -44))
9
What is the value of (-4 - 4 - -17) + -8?
1
1 - -4 - (-6 + (-7 - (-1 - 7)))
10
Evaluate -3 + (16 - 10 - -5) + (6 - 0).
14
What is the value of (-1 - -4) + 1 - (0 - (-6 + 8))?
6
Calculate 33 - (47 - (57 + -19)).
24
What is the value of 8 - (-17 - -11 - -3)?
11
What is the value of (18 - 2 - 39) + 17?
-6
What is the value of (2 - -8) + -2 - (-13 + 24 + -11)?
8
What is the value of 1 + (2 + -15 + 10 - -5) + 24?
27
Calculate 8 - (-1 - 0 - 6 - (-76 - -64)).
3
9 + -34 + -11 + 25
-11
Evaluate (-142 - -144) + -6 + 0.
-4
Evaluate 9 - (24 - (-21 + 9 + 24)).
-3
Calculate 328 + -351 + 0 + 1.
-22
Evaluate 2 + -6 + (-4 - -6) - 5 - -11.
4
What is -1 + 10 - (212 + -192) - -11?
0
What is -30 - (-12 + 11 - (22 - 15))?
-22
What is 12 - 5 - (-4 - -26) - -5?
-10
What is -36 + 26 + -6 + 1 + -6?
-21
Evaluate 0 + (-4 - (-4 - 10)).
10
Evaluate (-1 - -15) + 35 + (-11 - 32).
6
Evaluate -4 - -12 - (33 - 32).
7
Evaluate (-5 - 0) + 1300 + -1275.
20
Evaluate -1 + 3 - (15 - 11 - -1) - 9.
-12
What is the value of (-2 - (-18 + 16)) + 16 + 2?
18
Evaluate -23 + -1 + 7 + (-20 - -7).
-30
What is 46 + (-9 - 3) - 59?
-25
Evaluate (-1296 - -1291) + (0 - 1).
-6
What is the value of (-5 - (0 - 2)) + -643 + 653 + 12?
19
What is the value of -10 + -2 - (3 + (9 + -2 - 10))?
-12
What 